{"id":64,"date":"2022-07-06T16:07:58","date_gmt":"2022-07-06T14:07:58","guid":{"rendered":"http:\/\/aventoura.blog\/?page_id=64"},"modified":"2022-08-05T16:19:09","modified_gmt":"2022-08-05T14:19:09","slug":"unser-reiseblog","status":"publish","type":"page","link":"https:\/\/www.aventoura.de\/blog\/unser-reiseblog\/","title":{"rendered":"Lateinamerika Reiseblog"},"content":{"rendered":"\n<div class=\"wp-block-group alignwide\" style=\"padding-top:20px;padding-right:1vw;padding-bottom:0px;padding-left:1vw\"><div class=\"wp-block-group__inner-container is-layout-constrained wp-container-core-group-is-layout-c4ad5fe7 wp-block-group-is-layout-constrained\">\n<p>Sie wissen noch nicht genau, wie Ihr n\u00e4chster Urlaub aussehen soll? Kein Problem! Wir haben hier interessante Tipps und inspirierende Reiseberichte rund um unsere Reisel\u00e4nder f\u00fcr Sie zusammengestellt.<\/p>\n<\/div><\/div>\n\n\n\n<div class=\"wp-block-group alignwide\" style=\"border-style:none;border-width:0px;padding-top:0px;padding-right:0vw;padding-bottom:0px;padding-left:0vw\"><div class=\"wp-block-group__inner-container is-layout-flow wp-block-group-is-layout-flow\">\n<div class=\"wp-block-group alignwide\" style=\"border-style:none;border-width:0px;padding-top:0px;padding-right:1vw;padding-left:1vw\"><div class=\"wp-block-group__inner-container is-layout-flow wp-block-group-is-layout-flow\">\n<div class=\"wp-block-columns are-vertically-aligned-center is-layout-flex wp-container-core-columns-is-layout-9d6595d7 wp-block-columns-is-layout-flex\">\n<div class=\"wp-block-column is-vertically-aligned-center is-layout-flow wp-block-column-is-layout-flow\" style=\"flex-basis:40%\">\n<hr class=\"wp-block-separator has-text-color has-css-opacity has-background is-style-wide\" style=\"background-color:#d5e1dc;color:#d5e1dc\"\/>\n<\/div>\n\n\n\n<div class=\"wp-block-column is-vertically-aligned-center is-layout-flow wp-block-column-is-layout-flow\" style=\"flex-basis:20%\">\n<h2 class=\"has-text-align-center mb-0 has-primary-color has-text-color has-normal-font-size wp-block-heading\" id=\"latest-posts\"><strong>Letzte Beitr\u00e4ge<\/strong><\/h2>\n<\/div>\n\n\n\n<div class=\"wp-block-column is-vertically-aligned-center is-layout-flow wp-block-column-is-layout-flow\" style=\"flex-basis:40%\">\n<hr class=\"wp-block-separator has-text-color has-css-opacity has-background is-style-wide\" style=\"background-color:#d5e1dc;color:#d5e1dc\"\/>\n<\/div>\n<\/div>\n<\/div><\/div>\n<\/div><\/div>\n\n\n\n<div class=\"wp-block-group alignwide\" style=\"padding-top:0px;padding-right:1vw;padding-bottom:60px;padding-left:1vw\"><div class=\"wp-block-group__inner-container is-layout-constrained wp-container-core-group-is-layout-59a71ae4 wp-block-group-is-layout-constrained\">\n<div class=\"wp-block-query alignwide is-layout-flow wp-block-query-is-layout-flow\"><ul class=\"is-flex-container columns-3 wp-block-post-template is-layout-flow wp-block-post-template-is-layout-flow\"><li class=\"wp-block-post post-1575 post type-post status-publish format-standard has-post-thumbnail hentry category-bolivien category-suedamerika tag-anden tag-individualreise tag-reisebericht tag-rundreise tag-suedamerika tag-tradition\">\n\n<div class=\"wp-block-group\" style=\"padding-top:0px;padding-right:0px;padding-bottom:0px;padding-left:0px\"><div class=\"wp-block-group__inner-container is-layout-flow wp-block-group-is-layout-flow\"><figure class=\"wp-block-post-featured-image\"><a href=\"https:\/\/www.aventoura.de\/blog\/2026\/03\/24\/bolivien-erinnerung-einer-wunderschoenen-reise\/\" target=\"_self\"  ><img loading=\"lazy\" decoding=\"async\" width=\"320\" height=\"121\" src=\"https:\/\/www.aventoura.de\/blog\/wp-content\/uploads\/2026\/03\/Bild-6.jpeg\" class=\"attachment-post-thumbnail size-post-thumbnail wp-post-image\" alt=\"Bolivien: Erinnerung einer wundersch\u00f6nen Reise\" style=\"object-fit:cover;\" srcset=\"https:\/\/www.aventoura.de\/blog\/wp-content\/uploads\/2026\/03\/Bild-6.jpeg 320w, https:\/\/www.aventoura.de\/blog\/wp-content\/uploads\/2026\/03\/Bild-6-300x113.jpeg 300w\" sizes=\"auto, (max-width: 320px) 100vw, 320px\" \/><\/a><\/figure>\n\n<h2 style=\"font-size:22px;font-style:normal;font-weight:600;line-height:1.4;\" class=\"has-link-color wp-elements-37d340758341add4683bb5e9f0257373 wp-block-post-title\"><a href=\"https:\/\/www.aventoura.de\/blog\/2026\/03\/24\/bolivien-erinnerung-einer-wunderschoenen-reise\/\" target=\"_self\" >Bolivien: Erinnerung einer wundersch\u00f6nen Reise<\/a><\/h2>\n\n<div class=\"has-link-color wp-elements-c1e5c5e0a12d71617213c7ffb86594f4 wp-block-post-excerpt\"><p class=\"wp-block-post-excerpt__excerpt\">von Ada Jacobsen Inzwischen sind wir seit 1. Februar zur\u00fcck in Deutschland und ich bin seit dem 7. Februar zur\u00fcck in Freiburg. Wir versuchen der Bilderflut Herr zu werden, die wir aus Bolivien mitgebracht haben und st\u00e4ndig kommen uns Erinnerungen hoch an unseren Besuch in diesem so sch\u00f6nen Land. Es war ein wundervoller Aufenthalt im&hellip;<\/p><p class=\"wp-block-post-excerpt__more-text\"><a class=\"wp-block-post-excerpt__more-link\" href=\"https:\/\/www.aventoura.de\/blog\/2026\/03\/24\/bolivien-erinnerung-einer-wunderschoenen-reise\/\">Read more<\/a><\/p><\/div><\/div><\/div>\n\n<\/li><li class=\"wp-block-post post-1514 post type-post status-publish format-standard has-post-thumbnail hentry category-allgemein category-argentinien category-chile tag-argentinien tag-chile tag-expedition tag-patagonien tag-rundreise tag-suedamerika\">\n\n<div class=\"wp-block-group\" style=\"padding-top:0px;padding-right:0px;padding-bottom:0px;padding-left:0px\"><div class=\"wp-block-group__inner-container is-layout-flow wp-block-group-is-layout-flow\"><figure class=\"wp-block-post-featured-image\"><a href=\"https:\/\/www.aventoura.de\/blog\/2026\/02\/04\/fahrt-mit-dem-expeditionsschiff-ventus-australis-durch-die-fjorde-von-patagonien\/\" target=\"_self\"  ><img loading=\"lazy\" decoding=\"async\" width=\"600\" height=\"450\" src=\"https:\/\/www.aventoura.de\/blog\/wp-content\/uploads\/2026\/02\/Kap-Hoorn2-1.jpg\" class=\"attachment-post-thumbnail size-post-thumbnail wp-post-image\" alt=\"Fahrt mit dem Expeditionsschiff \u201eVentus Australis\u201c durch die Fjorde von Patagonien\" style=\"object-fit:cover;\" srcset=\"https:\/\/www.aventoura.de\/blog\/wp-content\/uploads\/2026\/02\/Kap-Hoorn2-1.jpg 600w, https:\/\/www.aventoura.de\/blog\/wp-content\/uploads\/2026\/02\/Kap-Hoorn2-1-300x225.jpg 300w\" sizes=\"auto, (max-width: 600px) 100vw, 600px\" \/><\/a><\/figure>\n\n<h2 style=\"font-size:22px;font-style:normal;font-weight:600;line-height:1.4;\" class=\"has-link-color wp-elements-37d340758341add4683bb5e9f0257373 wp-block-post-title\"><a href=\"https:\/\/www.aventoura.de\/blog\/2026\/02\/04\/fahrt-mit-dem-expeditionsschiff-ventus-australis-durch-die-fjorde-von-patagonien\/\" target=\"_self\" >Fahrt mit dem Expeditionsschiff \u201eVentus Australis\u201c durch die Fjorde von Patagonien<\/a><\/h2>\n\n<div class=\"has-link-color wp-elements-c1e5c5e0a12d71617213c7ffb86594f4 wp-block-post-excerpt\"><p class=\"wp-block-post-excerpt__excerpt\">von Svenja J. Nach zwei Tagen Aufenthalt in Valparaiso startete morgens am 27.12.2025 mein Flug von Santiago de Chile nach Punta Arenas in den S\u00fcden von Chile. Bereits der Flug \u00fcber die Anden, Seen und Fjorde war ein wundersch\u00f6nes Erlebnis. In Punta Arenas begann abends die insgesamt 4-t\u00e4gige Fahrt mit dem Expeditionsschiff \u201eVentus Australis\u201c bis&hellip;<\/p><p class=\"wp-block-post-excerpt__more-text\"><a class=\"wp-block-post-excerpt__more-link\" href=\"https:\/\/www.aventoura.de\/blog\/2026\/02\/04\/fahrt-mit-dem-expeditionsschiff-ventus-australis-durch-die-fjorde-von-patagonien\/\">Read more<\/a><\/p><\/div><\/div><\/div>\n\n<\/li><li class=\"wp-block-post post-1482 post type-post status-publish format-standard has-post-thumbnail hentry category-allgemein category-ecuador-galapagos category-suedamerika tag-amazonas tag-anden tag-ecuador tag-feedback tag-galapagos tag-reisebericht tag-rundreise tag-suedamerika\">\n\n<div class=\"wp-block-group\" style=\"padding-top:0px;padding-right:0px;padding-bottom:0px;padding-left:0px\"><div class=\"wp-block-group__inner-container is-layout-flow wp-block-group-is-layout-flow\"><figure class=\"wp-block-post-featured-image\"><a href=\"https:\/\/www.aventoura.de\/blog\/2025\/11\/03\/ecuador-zwischen-kolibris-faultieren-und-meerechsen\/\" target=\"_self\"  ><img loading=\"lazy\" decoding=\"async\" width=\"800\" height=\"533\" src=\"https:\/\/www.aventoura.de\/blog\/wp-content\/uploads\/2025\/11\/Bild3.jpg\" class=\"attachment-post-thumbnail size-post-thumbnail wp-post-image\" alt=\"Ecuador: Zwischen Kolibris, Faultieren und Meerechsen\" style=\"object-fit:cover;\" srcset=\"https:\/\/www.aventoura.de\/blog\/wp-content\/uploads\/2025\/11\/Bild3.jpg 800w, https:\/\/www.aventoura.de\/blog\/wp-content\/uploads\/2025\/11\/Bild3-300x200.jpg 300w, https:\/\/www.aventoura.de\/blog\/wp-content\/uploads\/2025\/11\/Bild3-768x512.jpg 768w\" sizes=\"auto, (max-width: 800px) 100vw, 800px\" \/><\/a><\/figure>\n\n<h2 style=\"font-size:22px;font-style:normal;font-weight:600;line-height:1.4;\" class=\"has-link-color wp-elements-37d340758341add4683bb5e9f0257373 wp-block-post-title\"><a href=\"https:\/\/www.aventoura.de\/blog\/2025\/11\/03\/ecuador-zwischen-kolibris-faultieren-und-meerechsen\/\" target=\"_self\" >Ecuador: Zwischen Kolibris, Faultieren und Meerechsen<\/a><\/h2>\n\n<div class=\"has-link-color wp-elements-c1e5c5e0a12d71617213c7ffb86594f4 wp-block-post-excerpt\"><p class=\"wp-block-post-excerpt__excerpt\">Von Noah Rottenecker Die Gal\u00e1pagos Inseln zu besuchen war ein Kindheitstraum, der im September 2025 endlich zur Realit\u00e4t werden durfte. Nachdem ich mit avenTOURa alle Details der Reise besprochen hatte, ging es von Frankfurt \u00fcber Madrid nach Quito. Dort angekommen vernahm ich eine frische Brise und realisierte erstmals, auf wie vielen H\u00f6henmetern in mich nun&hellip;<\/p><p class=\"wp-block-post-excerpt__more-text\"><a class=\"wp-block-post-excerpt__more-link\" href=\"https:\/\/www.aventoura.de\/blog\/2025\/11\/03\/ecuador-zwischen-kolibris-faultieren-und-meerechsen\/\">Read more<\/a><\/p><\/div><\/div><\/div>\n\n<\/li><li class=\"wp-block-post post-1473 post type-post status-publish format-standard has-post-thumbnail hentry category-allgemein category-karibik tag-dominica tag-guadeloupe tag-kleine-antillen tag-martinique tag-mietwagenrundreise tag-rundreise\">\n\n<div class=\"wp-block-group\" style=\"padding-top:0px;padding-right:0px;padding-bottom:0px;padding-left:0px\"><div class=\"wp-block-group__inner-container is-layout-flow wp-block-group-is-layout-flow\"><figure class=\"wp-block-post-featured-image\"><a href=\"https:\/\/www.aventoura.de\/blog\/2025\/07\/03\/angekommen-im-paradies-kleine-antillen\/\" target=\"_self\"  ><img loading=\"lazy\" decoding=\"async\" width=\"877\" height=\"542\" src=\"https:\/\/www.aventoura.de\/blog\/wp-content\/uploads\/2025\/07\/fische.jpg\" class=\"attachment-post-thumbnail size-post-thumbnail wp-post-image\" alt=\"Angekommen im Paradies &#8211; Kleine Antillen\" style=\"object-fit:cover;\" srcset=\"https:\/\/www.aventoura.de\/blog\/wp-content\/uploads\/2025\/07\/fische.jpg 877w, https:\/\/www.aventoura.de\/blog\/wp-content\/uploads\/2025\/07\/fische-300x185.jpg 300w, https:\/\/www.aventoura.de\/blog\/wp-content\/uploads\/2025\/07\/fische-768x475.jpg 768w\" sizes=\"auto, (max-width: 877px) 100vw, 877px\" \/><\/a><\/figure>\n\n<h2 style=\"font-size:22px;font-style:normal;font-weight:600;line-height:1.4;\" class=\"has-link-color wp-elements-37d340758341add4683bb5e9f0257373 wp-block-post-title\"><a href=\"https:\/\/www.aventoura.de\/blog\/2025\/07\/03\/angekommen-im-paradies-kleine-antillen\/\" target=\"_self\" >Angekommen im Paradies &#8211; Kleine Antillen<\/a><\/h2>\n\n<div class=\"has-link-color wp-elements-c1e5c5e0a12d71617213c7ffb86594f4 wp-block-post-excerpt\"><p class=\"wp-block-post-excerpt__excerpt\">von Nico Schulz Angekommen im Paradies, nach 9 Stunden Flug und reibungsloser Mietwagen\u00fcbergabeam Airport von Guadeloupe, ging es mit bereits zahlreichen Insider Tipps auf gro\u00dfeAbenteuerreise. Vor allem die Rum, Ti Punch und Accra Tipps sollten uns die n\u00e4chsten16 Tage noch zahlreich begleiten. Beginn der Reise war Basse Terre, ein wunderbares gr\u00fcnes Fleckchen Erde gepaart mitTraumstr\u00e4nden&hellip;<\/p><p class=\"wp-block-post-excerpt__more-text\"><a class=\"wp-block-post-excerpt__more-link\" href=\"https:\/\/www.aventoura.de\/blog\/2025\/07\/03\/angekommen-im-paradies-kleine-antillen\/\">Read more<\/a><\/p><\/div><\/div><\/div>\n\n<\/li><li class=\"wp-block-post post-1356 post type-post status-publish format-standard has-post-thumbnail hentry category-allgemein category-argentinien category-chile category-lateinamerika-reiseblog category-suedamerika tag-anden tag-argentinien tag-chile tag-lateinamerika tag-patagonien tag-perito-moreno tag-rundreise tag-suedamerika\">\n\n<div class=\"wp-block-group\" style=\"padding-top:0px;padding-right:0px;padding-bottom:0px;padding-left:0px\"><div class=\"wp-block-group__inner-container is-layout-flow wp-block-group-is-layout-flow\"><figure class=\"wp-block-post-featured-image\"><a href=\"https:\/\/www.aventoura.de\/blog\/2025\/02\/26\/chile-und-argentinien-absolut-atemberaubend\/\" target=\"_self\"  ><img loading=\"lazy\" decoding=\"async\" width=\"800\" height=\"274\" src=\"https:\/\/www.aventoura.de\/blog\/wp-content\/uploads\/2025\/02\/IMG_7444_edited-1.jpg\" class=\"attachment-post-thumbnail size-post-thumbnail wp-post-image\" alt=\"Chile und Argentinien: Absolut atemberaubend!\" style=\"object-fit:cover;\" srcset=\"https:\/\/www.aventoura.de\/blog\/wp-content\/uploads\/2025\/02\/IMG_7444_edited-1.jpg 800w, https:\/\/www.aventoura.de\/blog\/wp-content\/uploads\/2025\/02\/IMG_7444_edited-1-300x103.jpg 300w, https:\/\/www.aventoura.de\/blog\/wp-content\/uploads\/2025\/02\/IMG_7444_edited-1-768x263.jpg 768w\" sizes=\"auto, (max-width: 800px) 100vw, 800px\" \/><\/a><\/figure>\n\n<h2 style=\"font-size:22px;font-style:normal;font-weight:600;line-height:1.4;\" class=\"has-link-color wp-elements-37d340758341add4683bb5e9f0257373 wp-block-post-title\"><a href=\"https:\/\/www.aventoura.de\/blog\/2025\/02\/26\/chile-und-argentinien-absolut-atemberaubend\/\" target=\"_self\" >Chile und Argentinien: Absolut atemberaubend!<\/a><\/h2>\n\n<div class=\"has-link-color wp-elements-c1e5c5e0a12d71617213c7ffb86594f4 wp-block-post-excerpt\"><p class=\"wp-block-post-excerpt__excerpt\">Unser Weg f\u00fchrte uns zun\u00e4chst nach San Pedro de Attacama: die Weite, die Farben und die unerwartete Diversit\u00e4t in dieser W\u00fcste hat uns total gefangen genommen ( wir sahen den Salar de Atacama und Valle de Luna). Die Auswahl eines inklusiv gef\u00fchrten Hotels\/ Ressort fanden wir besonders sch\u00f6n.\u00a0<\/p><p class=\"wp-block-post-excerpt__more-text\"><a class=\"wp-block-post-excerpt__more-link\" href=\"https:\/\/www.aventoura.de\/blog\/2025\/02\/26\/chile-und-argentinien-absolut-atemberaubend\/\">Read more<\/a><\/p><\/div><\/div><\/div>\n\n<\/li><li class=\"wp-block-post post-1310 post type-post status-publish format-standard has-post-thumbnail hentry category-allgemein category-lateinamerika-reiseblog category-peru category-suedamerika tag-arequipa tag-colca-canyon tag-inka tag-lima tag-machu-picchu tag-nasca tag-panamericana tag-peru tag-regenbogenberg tag-rundreise tag-suedamerika tag-vinicunca\">\n\n<div class=\"wp-block-group\" style=\"padding-top:0px;padding-right:0px;padding-bottom:0px;padding-left:0px\"><div class=\"wp-block-group__inner-container is-layout-flow wp-block-group-is-layout-flow\"><figure class=\"wp-block-post-featured-image\"><a href=\"https:\/\/www.aventoura.de\/blog\/2025\/02\/26\/meine-erste-reise-nach-peru\/\" target=\"_self\"  ><img loading=\"lazy\" decoding=\"async\" width=\"600\" height=\"800\" src=\"https:\/\/www.aventoura.de\/blog\/wp-content\/uploads\/2025\/02\/Luife_edited-2.jpg\" class=\"attachment-post-thumbnail size-post-thumbnail wp-post-image\" alt=\"Meine erste Reise nach Peru\" style=\"object-fit:cover;\" srcset=\"https:\/\/www.aventoura.de\/blog\/wp-content\/uploads\/2025\/02\/Luife_edited-2.jpg 600w, https:\/\/www.aventoura.de\/blog\/wp-content\/uploads\/2025\/02\/Luife_edited-2-225x300.jpg 225w\" sizes=\"auto, (max-width: 600px) 100vw, 600px\" \/><\/a><\/figure>\n\n<h2 style=\"font-size:22px;font-style:normal;font-weight:600;line-height:1.4;\" class=\"has-link-color wp-elements-37d340758341add4683bb5e9f0257373 wp-block-post-title\"><a href=\"https:\/\/www.aventoura.de\/blog\/2025\/02\/26\/meine-erste-reise-nach-peru\/\" target=\"_self\" >Meine erste Reise nach Peru<\/a><\/h2>\n\n<div class=\"has-link-color wp-elements-c1e5c5e0a12d71617213c7ffb86594f4 wp-block-post-excerpt\"><p class=\"wp-block-post-excerpt__excerpt\">Unser avenTOURero Luis Felipe in den Bergen von Peru | Highlights einer Peru-Reise<\/p><p class=\"wp-block-post-excerpt__more-text\"><a class=\"wp-block-post-excerpt__more-link\" href=\"https:\/\/www.aventoura.de\/blog\/2025\/02\/26\/meine-erste-reise-nach-peru\/\">Read more<\/a><\/p><\/div><\/div><\/div>\n\n<\/li><\/ul>\n\n<nav class=\"wp-block-query-pagination is-layout-flex wp-block-query-pagination-is-layout-flex\" aria-label=\"Seitennummerierung\">\n\n\n<a href=\"\/blog\/wp-json\/wp\/v2\/pages\/64?query-19-page=2\" class=\"wp-block-query-pagination-next\">N\u00e4chste Seite<\/a>\n<\/nav><\/div>\n<\/div><\/div>\n\n\n\n<div class=\"wp-block-group alignfull has-border-color\" style=\"border-color:#d5e1dc;border-style:solid;border-width:2px;padding-top:60px;padding-right:4vw;padding-bottom:40px;padding-left:4vw\"><div class=\"wp-block-group__inner-container is-layout-constrained wp-container-core-group-is-layout-81a40af3 wp-block-group-is-layout-constrained\">\n<div class=\"wp-block-columns alignwide is-layout-flex wp-container-core-columns-is-layout-9d6595d7 wp-block-columns-is-layout-flex\">\n<div class=\"wp-block-column is-layout-flow wp-block-column-is-layout-flow\" style=\"flex-basis:15%\">\n<h4 class=\"has-primary-color has-text-color has-normal-font-size wp-block-heading\" id=\"follow\"><strong>FOLLOW<\/strong><\/h4>\n\n\n\n<p class=\"has-link-color wp-elements-55aa8744b033c6f713407a5a263fe8df\"><a href=\"https:\/\/www.instagram.com\/aventoura_reisen\/\">Facebook<\/a><br><a href=\"https:\/\/www.instagram.com\/aventoura_reisen\">Instagram<\/a><br><a href=\"https:\/\/www.youtube.com\/channel\/UCoZ4YgNJ6gpyWKHbshveNEQ\">YouTube<\/a><\/p>\n<\/div>\n\n\n\n<div class=\"wp-block-column is-layout-flow wp-block-column-is-layout-flow\" style=\"flex-basis:15%\">\n<h4 class=\"has-primary-color has-text-color has-normal-font-size wp-block-heading\" id=\"info\"><strong>INFO<\/strong><\/h4>\n\n\n\n<p class=\"has-link-color wp-elements-f05ea4272d6d02f1c56201d9ca129f94\"><a href=\"https:\/\/www.aventoura.tourone.de\/start\/form.layoutdisplay.php?LAYCODE=AV_Firma\">\u00dcber uns<\/a><br><a href=\"https:\/\/www.aventoura.tourone.de\/start\/form.layoutdisplay.php?LAYCODE=AV_KONTAKT\">Kontakt<\/a><br><a href=\"https:\/\/www.aventoura.de\/impressum\/\">Impresum<\/a><br><a href=\"https:\/\/www.aventoura.tourone.de\/datenschutzhinweise-kunden\">Datenschutzhinweise<\/a><\/p>\n<\/div>\n\n\n\n<div class=\"wp-block-column is-layout-flow wp-block-column-is-layout-flow\" style=\"flex-basis:60%\">\n<h4 class=\"has-primary-color has-text-color has-normal-font-size wp-block-heading\" id=\"wellness-tips-newsletter\"><span class=\"uppercase\"><strong>WELLNESS TIPS NEWSLETTER<\/strong><\/span><\/h4>\n<\/div>\n<\/div>\n<\/div><\/div>\n","protected":false},"excerpt":{"rendered":"<p>Sie wissen noch nicht genau, wie Ihr n\u00e4chster Urlaub aussehen soll? Kein Problem! Wir haben hier interessante Tipps und inspirierende Reiseberichte rund um unsere Reisel\u00e4nder f\u00fcr Sie zusammengestellt. Letzte Beitr\u00e4ge FOLLOW FacebookInstagramYouTube INFO \u00dcber unsKontaktImpresumDatenschutzhinweise WELLNESS TIPS NEWSLETTER<\/p>\n","protected":false},"author":2,"featured_media":298,"parent":0,"menu_order":0,"comment_status":"closed","ping_status":"closed","template":"header-footer-only","meta":{"_acf_changed":false,"footnotes":""},"class_list":["post-64","page","type-page","status-publish","has-post-thumbnail","hentry"],"acf":[],"_links":{"self":[{"href":"https:\/\/www.aventoura.de\/blog\/wp-json\/wp\/v2\/pages\/64","targetHints":{"allow":["GET"]}}],"collection":[{"href":"https:\/\/www.aventoura.de\/blog\/wp-json\/wp\/v2\/pages"}],"about":[{"href":"https:\/\/www.aventoura.de\/blog\/wp-json\/wp\/v2\/types\/page"}],"author":[{"embeddable":true,"href":"https:\/\/www.aventoura.de\/blog\/wp-json\/wp\/v2\/users\/2"}],"replies":[{"embeddable":true,"href":"https:\/\/www.aventoura.de\/blog\/wp-json\/wp\/v2\/comments?post=64"}],"version-history":[{"count":2,"href":"https:\/\/www.aventoura.de\/blog\/wp-json\/wp\/v2\/pages\/64\/revisions"}],"predecessor-version":[{"id":269,"href":"https:\/\/www.aventoura.de\/blog\/wp-json\/wp\/v2\/pages\/64\/revisions\/269"}],"wp:featuredmedia":[{"embeddable":true,"href":"https:\/\/www.aventoura.de\/blog\/wp-json\/wp\/v2\/media\/298"}],"wp:attachment":[{"href":"https:\/\/www.aventoura.de\/blog\/wp-json\/wp\/v2\/media?parent=64"}],"curies":[{"name":"wp","href":"https:\/\/api.w.org\/{rel}","templated":true}]}}